alculate the remainder when w is divided by 16.
6
Let r = 20 + -33. Let t = r + 24. Calculate the remainder when t is divided by 7.
4
Suppose -4*p = -3*n + 910, -13*n + 3*p = -8*n - 1502. Calculate the remainder when n is divided by 23.
22
Suppose 8*z - 2845 = -2589. Calculate the remainder when 990 is divided by z.
30
Let h be 1 - (-6 + 5) - (-580)/2. Let w = -184 + h. What is the remainder when w is divided by 22?
20
Let w(i) = 9*i**2 - 65*i + 5. Calculate the remainder when w(13) is divided by 12.
9
Let j = 311 - 27. What is the remainder when j is divided by 41?
38
Suppose -2*u + 66 = u. Let b = 29 + -46. Let r = b + u. What is the remainder when 12 is divided by r?
2
Suppose 2*d + 6 = -i, 5*i + 5*d - 2*d = 5. Let q be 6/(5 + -2) - 6. Calculate the remainder when i is divided by (2 + -4)/(q/6).
1
Suppose 2*t + 134 + 24 = 4*w, -4*w + 123 = 5*t. Let p be (45/(-2))/(-5)*-4. Let a = 26 + p. What is the remainder when w is divided by a?
5
Let i(l) = -l - 22. Let u = -7 + 2. Let n(x) = -2*x - 33. Let o(s) = u*n(s) + 8*i(s). Calculate the remainder when o(11) is divided by 8.
3
Let k = 101 + -68. Calculate the remainder when 42*(-2)/(-8)*6 is divided by k.
30
Let l(g) = -g**3 + 31*g**2 + 38*g - 8. What is the remainder when l(32) is divided by 21?
16
Let w = 356 + -282. What is the remainder when w is divided by 25?
24
Let t(c) = 3 + 11 - c + 4. Let u be t(10). Suppose -4 = 4*v - u. What is the remainder when v is divided by 1?
0
Suppose -2*c + 12 + 20 = 0. Let j be (-76)/(-12) + (-2)/6. Let n = j + 57. What is the remainder when n is divided by c?
15
Let t = 2920 + -2861. Calculate the remainder when 580 is divided by t.
49
Suppose -4*v = -2*v - 4*s + 10, s + 1 = -3*v. What is the remainder when (1 + -10)*(-3)/1 is divided by 5 - (v - (2 + -2))?
3
Let p = 146 + -114. Let o(b) = b - 1. Let t(u) = -4*u + 8. Let i(w) = 3*o(w) + t(w). What is the remainder when p is divided by i(-6)?
10
Calculate the remainder when 7/((-294)/(-1566)) - 6/21 is divided by 22.
15
Let o be 2/11 + (-17644)/(-121). Suppose 0 = -4*j + 5*g + o, -5*j = -5*g - 125 - 55. What is the remainder when 65 is divided by j?
31
Suppose -3*r + 3*m + 14 = r, 2 = -4*r - 5*m. Calculate the remainder when 70 is divided by (15/20)/(r/48).
16
Calculate the remainder when (1*-9)/(2/(-16)) is divided by 6*((-65)/6 - -14).
15
Suppose 4*w = 4, -w + 71 = 3*f - 161. What is the remainder when f is divided by 41?
36
Let g be -3 + 5 - 2 - 2. Calculate the remainder when ((-1)/g)/((-5)/(-470)) is divided by 25.
22
Let o = -15 - -20. Suppose o*v - 2*y = 3*y + 300, -2*y - 4 = 0. Let m(f) = -3*f - 9. What is the remainder when v is divided by m(-7)?
10
Let u(j) = -j**2 - 5*j - 3. Let q be u(-6). Let n = 11 + q. Suppose -37 = -2*m - p - 12, 4*p = -m + n. What is the remainder when 39 is divided by m?
11
Let a be 7 + (4 - 12)/4. Suppose -2*u - 91 = -a*h, 2*h = -2*h - 2*u + 80. Calculate the remainder when 54 is divided by h.
16
Let c = -8 - -2. Let f = 28 + c. What is the remainder when f is divided by (-1 + 4)*-2*-1?
4
Suppose 3*v - 116 = 2*x, 3*v + 71*x - 66*x = 88. Calculate the remainder when 107 is divided by v.
35
Let a(d) = -5*d - 9. Suppose 3*j = -4*z - 29, -31 = 5*z + 2*j - 0*j. Calculate the remainder when 94 is divided by a(z).
14
Suppose 2*o + 0*i - 40 = -i, 0 = -2*o + 2*i + 28. Let p = 23 - 20. Suppose -p*z + 10 + 5 = 0. What is the remainder when o is divided by z?
3
Let r be 57/(-6) - 2/(-4). Let a(l) = -12*l + 2. Calculate the remainder when a(r) is divided by 28.
26
Suppose 5*v - 19*v = -70. Calculate the remainder when (((-192)/v)/(-8))/((-6)/(-140)) is divided by 29.
25
Let f(t) = -t**2 - 18*t + 12. Let i be f(-23). Let g = i - -117. Suppose d + 4*q - 5 = 0, 0 = 2*q - 0*q. What is the remainder when g is divided by d?
4
Let h(m) = -m**2 + 35*m - 163. Calculate the remainder when 605 is divided by h(24).
100
What is the remainder when 52 is divided by (-10 - -9)/(2/(-56))?
24
Let w be 2748/(-27) + (-4)/18. Let p = 1 - w. Let g = -82 + 108. Calculate the remainder when p is divided by g.
25
Let n = -190 - -535. What is the remainder when 89 is divided by n/5*4/12?
20
Suppose 0 = y - 5*y + 64. Suppose 16*l - 8*l = 872. Calculate the remainder when l is divided by y.
13
Suppose 3*q + 3*w - 102 = 0, -3*q - w - 7 + 101 = 0. What is the remainder when 77 is divided by q?
17
Let v = -298 + 630. What is the remainder when v is divided by 84?
80
Let k(w) = -w**2 + 10*w + 3. Let z be k(10). Suppose 0 = -2*c + 4*h + 84 + 20, -c + 54 = -z*h. Calculate the remainder when c is divided by 13.
9
Suppose 6 = -5*g + 51. Suppose -88*a + 91*a = 12. Calculate the remainder when g is divided by a.
1
Suppose 3*f + 98 = g, 2*g - 171 = 4*f + 19. Suppose -17*s + 11*s = 312. Let z = s + g. What is the remainder when z is divided by 10?
7
Suppose 4*r = -2*v + 408, 686 - 191 = 5*r - 5*v. What is the remainder when r is divided by 29?
14
Let k(f) = f + 26. Let s be k(0). Let p = -21 + s. What is the remainder when 15 is divided by p?
0
Suppose -3*r + d + 48 = 0, -3*r + 5*r = 3*d + 39. Calculate the remainder when r is divided by 9.
6
What is the remainder when (14 + 348/(-24))/((-1)/202) is divided by 35?
31
Suppose -2*c + 43 = 19. Suppose -4*q = c, -2*d + 108 = -2*q + 4*q. Calculate the remainder when d is divided by 12.
9
Let k(u) = 272*u. Let h be k(2). Suppose o = -2*s + 267, -5*o + o + h = 4*s. Calculate the remainder when s is divided by 33.
32
Suppose 3*h - 87 = 99. What is the remainder when h is divided by 59?
3
Suppose 5*f = -41 + 1. Let q = 12 - -7. What is the remainder when (3 - 5)/(f/292) is divided by q?
16
Suppose 14*i = 17*i + 3. What is the remainder when 30 is divided by (-2 + i/(-2))*(-64)/6?
14
Let b(a) = -3*a**3 - 4*a**2 - 4*a - 2. Let f be b(-2). Let y(j) = 10*j - 58. Let p be y(6). Let q = f + p. Calculate the remainder when 30 is divided by q.
14
Let m be ((-490)/(-21))/((-1)/(-3)). Suppose -2*j - 124 = -4*h, j - m = 4*h - 198. Suppose -5*c = -2*c - h. Calculate the remainder when c is divided by 5.
1
Suppose -505 = -18*p + 13*p. Suppose 289 = 2*f + p. Calculate the remainder when f is divided by 12.
10
Suppose -3*l + v = 21, v = 3*l - 3*v + 21. Let b = l - -14. Let s = 16 - 11. What is the remainder when b is divided by s?
2
Suppose -8*h = 14*h - 242. Calculate the remainder when 108 is divided by h.
9
Let s(b) = 5*b**2 - 11*b - 6. What is the remainder when 252 is divided by s(5)?
60
Let i = 324 - 217. What is the remainder when i is divided by 9?
8
Suppose -8 = -h + 40. Suppose 40 = 5*c + 3*z + 2*z, -c = 3*z - 18. Suppose t - c*o - 25 - 3 = 0, 21 = 2*t + o. Calculate the remainder when h is divided by t.
9
Let z = -83 + 132. Suppose 0 = 3*l - 2*l + 3, -35 = -m - 3*l. Suppose y - 3*o = 38, -3*y = -3*o + m - 134. What is the remainder when z is divided by y?
23
Suppose 0 = -4*i - 8, 0 = -m - 4*i - 0*i + 332. Calculate the remainder when m is divided by 11.
10
Suppose 6 - 18 = -3*l. Let q(s) = 2 + 1 + 5 + 4*s. Calculate the remainder when q(l) is divided by 9.
6
Let i be ((-40)/(-50))/((-2)/(-5)). Let c = 24 - i. Suppose 2*g - 92 = -3*b - b, -218 = -5*g - 4*b. Calculate the remainder when g is divided by c.
20
Let w(o) = o**3 + o**2 + 4*o. Let n be w(5). Let i = 310 - n. Suppose 0*x + i = 2*x. What is the remainder when x is divided by 18?
16
Suppose 7*l = 8*l + g - 28, -3*g = 5*l - 130. Calculate the remainder when 735 is divided by l.
22
Let g(k) = 3*k**2 + 31*k + 20. What is the remainder when g(-11) is divided by 11?
9
Let n = -2001 - -2582. What is the remainder when n is divided by 42?
35
Let k(x) = -3*x - 43. What is the remainder when 114 is divided by k(-34)?
55
Suppose 4*q = -z + 100, 3*z + 3*q = 79 + 266. Let i = z + -117. What is the remainder when 16 is divided by i?
1
Let j = -78 - -76. Calculate the remainder when 9 is divided by -1 + j - 1/(4/(-20)).
1
Let w = -49 + 98. Suppose -p + 0*c + 13 = -5*c, -p - 2*c = -20. What is the remainder when w is divided by p?
13
Suppose -3*s = -6*s + 42. Suppose 41*r = 124 + 40. What is the remainder when s is divided by r?
2
Let w(i) = -59*i**3 - 4*i**2 - i + 2. Calculate the remainder when 402 is divided by w(-1).
54
Let d = 15 + 6. Suppose -156 = -4*x - l, 2*x - 78 = 2*l + 3*l. Calculate the remainder when x is divided by d.
18
Let d